224 is divided by 28.
20
What is the remainder when 3706578 is divided by 3706568?
10
Calculate the remainder when 29613 is divided by 8653.
3654
What is the remainder when 2710540 is divided by 87432?
148
Calculate the remainder when 4972671 is divided by 228.
219
What is the remainder when 516249 is divided by 180?
9
What is the remainder when 2856863 is divided by 445?
408
Calculate the remainder when 58524276 is divided by 50.
26
Calculate the remainder when 67599574 is divided by 9346.
9302
Calculate the remainder when 166596 is divided by 146.
10
What is the remainder when 1805420 is divided by 451338?
68
Calculate the remainder when 2090803 is divided by 1302.
1093
What is the remainder when 763794 is divided by 614?
592
What is the remainder when 16151 is divided by 2369?
1937
What is the remainder when 7315979 is divided by 208?
203
What is the remainder when 13655285 is divided by 568?
565
What is the remainder when 42534 is divided by 1436?
890
Calculate the remainder when 178159 is divided by 14.
9
What is the remainder when 2839607 is divided by 74?
5
Calculate the remainder when 197071 is divided by 62.
35
What is the remainder when 267662 is divided by 280?
262
What is the remainder when 15151048 is divided by 1374?
1324
What is the remainder when 3048435 is divided by 2820?
15
Calculate the remainder when 33225 is divided by 754.
49
What is the remainder when 1450350 is divided by 354?
12
Calculate the remainder when 187267611 is divided by 497.
496
What is the remainder when 51166665 is divided by 21?
18
What is the remainder when 17017901 is divided by 1342?
1341
Calculate the remainder when 7277035 is divided by 405.
400
What is the remainder when 2183 is divided by 1865?
318
What is the remainder when 10077712 is divided by 2590?
22
Calculate the remainder when 362452498 is divided by 267.
265
Calculate the remainder when 129898 is divided by 1410.
178
What is the remainder when 536852922 is divided by 21?
18
What is the remainder when 79763 is divided by 1012?
827
Calculate the remainder when 1733659 is divided by 4208.
4171
What is the remainder when 8970593 is divided by 27433?
2
What is the remainder when 45251 is divided by 887?
14
Calculate the remainder when 110153 is divided by 21999.
158
Calculate the remainder when 3690212 is divided by 1709.
481
What is the remainder when 2642632 is divided by 728?
720
What is the remainder when 16165019 is divided by 1257?
1256
Calculate the remainder when 53936 is divided by 1022.
792
Calculate the remainder when 5590968 is divided by 349435.
8
Calculate the remainder when 47817088 is divided by 102.
100
Calculate the remainder when 652972 is divided by 626.
54
Calculate the remainder when 901648 is divided by 449536.
2576
What is the remainder when 4572606 is divided by 253?
137
What is the remainder when 97420 is divided by 1022?
330
What is the remainder when 9421 is divided by 2584?
1669
Calculate the remainder when 132319942 is divided by 18.
16
What is the remainder when 762564 is divided by 114?
18
What is the remainder when 3606709 is divided by 124369?
8
What is the remainder when 23124926 is divided by 581?
545
What is the remainder when 516004 is divided by 613?
471
Calculate the remainder when 1844825 is divided by 1844811.
14
What is the remainder when 6677267 is divided by 4605?
17
Calculate the remainder when 30598936 is divided by 15299410.
116
Calculate the remainder when 101299 is divided by 11304.
10867
What is the remainder when 2343294 is divided by 2343098?
196
Calculate the remainder when 1461337 is divided by 114.
85
Calculate the remainder when 330881 is divided by 1145.
1121
Calculate the remainder when 1024797 is divided by 4201.
3954
Calculate the remainder when 8280121 is divided by 1440.
121
Calculate the remainder when 145905 is divided by 108.
105
Calculate the remainder when 24620470 is divided by 4924093.
5
What is the remainder when 81967 is divided by 25796?
4579
What is the remainder when 925133 is divided by 185026?
3
Calculate the remainder when 49723849 is divided by 9.
1
Calculate the remainder when 1851330 is divided by 2683.
60
Calculate the remainder when 7681438 is divided by 306.
226
What is the remainder when 176038726 is divided by 907416?
22
Calculate the remainder when 3985622 is divided by 653.
363
Calculate the remainder when 1284348 is divided by 428112.
12
What is the remainder when 239694 is divided by 119833?
28
What is the remainder when 108 is divided by 68?
40
Calculate the remainder when 228271 is divided by 56470.
2391
What is the remainder when 146999199 is divided by 7628?
11
Calculate the remainder when 135260 is divided by 9607.
762
Calculate the remainder when 2317542 is divided by 2799.
2769
Calculate the remainder when 998676 is divided by 499254.
168
Calculate the remainder when 6430241 is divided by 2225.
2216
What is the remainder when 17680838 is divided by 205?
203
What is the remainder when 469784 is divided by 31184?
2024
Calculate the remainder when 59424664 is divided by 4746.
4744
Calculate the remainder when 63686 is divided by 7038.
344
What is the remainder when 47577715 is divided by 201?
10
What is the remainder when 6108 is divided by 3876?
2232
What is the remainder when 11760916 is divided by 798?
790
Calculate the remainder when 695039 is divided by 1061.
84
Calculate the remainder when 7061793 is divided by 2684.
189
Calculate the remainder when 94888 is divided by 1129.
52
Calculate the remainder when 94931694 is divided by 23.
22
Calculate the remainder when 889913 is divided by 651.
647
Calculate the remainder when 5779277 is divided by 2931.
2276
Calculate the remainder when 67577988 is divided by 274.
272
What is the remainder when 14625436 is divided by 4875145?
1
What is the remainder when 14359026 is divided by 1262?
1252
Calculate the remainder when 215375 is divided by 12660.
155
Calculate the remainder when 591357 is divided by 3350.
1757
What is the remainder when 7188 is divided by 1191?
42
What is the remainder when 23965 is divided by 23823?
142
What is the remainder when 887081 is divided by 207?
86
Calculate the remainder when 3336845 is divided by 11960.
5
Calculate the remainder when 61666 is divided by 406.
360
Calculate the remainder when 38627 is divided by 3862.
7
Calculate the remainder when 4450824 is divided by 4450813.
11
What is the remainder when 14546177 is divided by 509?
484
What is the remainder when 512263 is divided by 85373?
25
What is the remainder when 208231 is divided by 290?
11
What is the remainder when 830353 is divided by 81?
22
Calculate the remainder when 28980397 is divided by 2429.
2427
What is the remainder when 126011 is divided by 6051?
4991
Calculate the remainder when 1660 is divided by 236.
8
What is the remainder when 43332765 is divided by 342?
339
Calculate the remainder when 2496223 is divided by 929.
0
What is the remainder when 11694587 is divided by 14?
9
What is the remainder when 80528797 is divided by 2236911?
1
What is the remainder when 3845972 is divided by 500?
472
Calculate the remainder when 36416 is divided by 18189.
38
What is the remainder when 95606 is divided by 47354?
898
What is the remainder when 60431549 is divided by 75?
74
Calculate the remainder when 137889 is divided by 28.
17
What is the remainder when 721043 is divided by 4622?
11
What is the remainder when 28921198 is divided by 24?
22
Calculate the remainder when 47740776 is divided by 52.
44
Calculate the remainder when 51628996 is divided by 107.
105
Calculate the remainder when 2572222 is divided by 942.
562
What is the remainder when 378237 is divided by 93441?
4473
Calculate the remainder when 55603076 is divided by 654.
650
Calculate the remainder when 1872454 is divided by 936219.
16
What is the remainder when 16915958 is divided by 244?
170
Calculate the remainder when 885350 is divided by 593.
1
What is the remainder when 4566130 is divided by 9?
7
What is the remainder when 32597 is divided by 10858?
23
Calculate the remainder when 20601 is divided by 3394.
237
What is the remainder when 1177456 is divided by 168?
112
What is the remainder when 8723186 is divided by 314?
266
What is the remainder when 612180 is divided by 180?
0
What is the 